{"id":340,"date":"2022-06-19T12:43:47","date_gmt":"2022-06-19T10:43:47","guid":{"rendered":"https:\/\/dinetteetgateaux.fr\/?page_id=340"},"modified":"2022-06-19T12:43:47","modified_gmt":"2022-06-19T10:43:47","slug":"decouvrez-mes-autres-gourmandises","status":"publish","type":"page","link":"https:\/\/dinetteetgateaux.fr\/gourmandises\/decouvrez-mes-autres-gourmandises\/","title":{"rendered":"D\u00e9couvrez mes autres gourmandises"},"content":{"rendered":"<style>\/*! elementor - v3.6.7 - 03-07-2022 *\/\n.elementor-widget-image{text-align:center}.elementor-widget-image a{display:inline-block}.elementor-widget-image a img[src$=\".svg\"]{width:48px}.elementor-widget-image img{vertical-align:middle;display:inline-block}<\/style>\n<p>\t\t\t\t\t\t\t\t\t\t\t\t<img decoding=\"async\" width=\"768\" height=\"533\" src=\"https:\/\/dinetteetgateaux.fr\/wp-content\/uploads\/2022\/06\/Photo-meringue-768x533.jpg\" alt=\"\" loading=\"lazy\" srcset=\"https:\/\/dinetteetgateaux.fr\/wp-content\/uploads\/2022\/06\/Photo-meringue-768x533.jpg 768w, https:\/\/dinetteetgateaux.fr\/wp-content\/uploads\/2022\/06\/Photo-meringue-300x208.jpg 300w, https:\/\/dinetteetgateaux.fr\/wp-content\/uploads\/2022\/06\/Photo-meringue-1024x711.jpg 1024w, https:\/\/dinetteetgateaux.fr\/wp-content\/uploads\/2022\/06\/Photo-meringue-1536x1066.jpg 1536w, https:\/\/dinetteetgateaux.fr\/wp-content\/uploads\/2022\/06\/Photo-meringue-2048x1421.jpg 2048w\" sizes=\"(max-width: 768px) 100vw, 768px\" \/>\t\t\t\t\t\t\t\t\t\t\t\t\t\t\t<\/p>\n<p><strong>Meringues personnalis\u00e9es<\/strong><\/p>\n<p>Pour chaque occasion ou pour agr\u00e9menter vos \u00e9v\u00e8nements, commandez vos meringues personnalis\u00e9es avec une photo, un logo, un th\u00e8me assorti \u00e0 votre g\u00e2teau&#8230;<\/p>\n<ul>\n<li>Sachet de 50 meringues : 19,90\u20ac<\/li>\n<li>Sachet de 10 meringues : 4,50\u20ac <\/li>\n<li>Berlingot transparent de 5 meringues : 3,50\u20ac <\/li>\n<li>Berlingot transparent de 3 meringues : 2,50\u20ac <\/li>\n<\/ul>\n<p>Minimum de commande : 12,50 \u20ac &#8211; Jusqu&rsquo;\u00e0 6 visuels diff\u00e9rents. <\/p>\n<p>Sollicitez-moi afin de trouver un contenant adapt\u00e9 \u00e0 votre th\u00e8me ou \u00e9v\u00e8nement.<\/p>\n<p>\t\t\t\t\t\t\t\t\t\t\t\t\t\t\t<img decoding=\"async\" width=\"234\" height=\"300\" src=\"https:\/\/dinetteetgateaux.fr\/gourmandises\/wp-content\/uploads\/2022\/06\/brookie-1-234x300.jpg\" alt=\"\" loading=\"lazy\" srcset=\"https:\/\/dinetteetgateaux.fr\/gourmandises\/wp-content\/uploads\/2022\/06\/brookie-1-234x300.jpg 234w, https:\/\/dinetteetgateaux.fr\/gourmandises\/wp-content\/uploads\/2022\/06\/brookie-1-800x1024.jpg 800w, https:\/\/dinetteetgateaux.fr\/gourmandises\/wp-content\/uploads\/2022\/06\/brookie-1-768x983.jpg 768w, https:\/\/dinetteetgateaux.fr\/gourmandises\/wp-content\/uploads\/2022\/06\/brookie-1-1200x1536.jpg 1200w, https:\/\/dinetteetgateaux.fr\/gourmandises\/wp-content\/uploads\/2022\/06\/brookie-1-1600x2048.jpg 1600w, https:\/\/dinetteetgateaux.fr\/gourmandises\/wp-content\/uploads\/2022\/06\/brookie-1.jpg 1688w\" sizes=\"(max-width: 234px) 100vw, 234px\" \/>\t\t\t\t\t\t\t\t\t\t\t\t\t\t\t<\/p>\n<p><b>Brookies<\/b><\/p>\n<p>Le Brookie allie le moelleux du brownie aux noix de p\u00e9can et le croustillant du cookie. Pr\u00e9sent\u00e9 comme une sucette, il amusera petits et grands.<\/p>\n<p>Bo\u00eetes de 24 brookies : 35,00\u20ac<\/p>\n<p>\t\t\t\t\t\t\t\t\t\t\t\t\t\t\t<img decoding=\"async\" width=\"300\" height=\"292\" src=\"https:\/\/dinetteetgateaux.fr\/wp-content\/uploads\/2022\/06\/cupcakes-1-300x292.jpg\" alt=\"\" loading=\"lazy\" srcset=\"https:\/\/dinetteetgateaux.fr\/wp-content\/uploads\/2022\/06\/cupcakes-1-300x292.jpg 300w, https:\/\/dinetteetgateaux.fr\/wp-content\/uploads\/2022\/06\/cupcakes-1-1024x995.jpg 1024w, https:\/\/dinetteetgateaux.fr\/wp-content\/uploads\/2022\/06\/cupcakes-1-768x747.jpg 768w, https:\/\/dinetteetgateaux.fr\/wp-content\/uploads\/2022\/06\/cupcakes-1-1536x1493.jpg 1536w, https:\/\/dinetteetgateaux.fr\/wp-content\/uploads\/2022\/06\/cupcakes-1-2048x1991.jpg 2048w\" sizes=\"(max-width: 300px) 100vw, 300px\" \/>\t\t\t\t\t\t\t\t\t\t\t\t\t\t\t<\/p>\n<p><strong>Cupcakes<\/strong><\/p>\n<p>Suggestions de Saveurs<\/p>\n<ul>\n<li>G\u00e2teau: Nature, Vanille, Chocolat, Citron \u2026<\/li>\n<li>Fourrage : Cr\u00e9meux framboise, fraise, citron, passion, ganache chocolat noir, ganache chocolat au lait \u2026<\/li>\n<li>Topping ; Cr\u00e8me chantilly vanille ou Nutella, cr\u00e8me au beurre Vanille, citron, chocolat, framboise \u2026<\/li>\n<\/ul>\n<p>3,50\u20ac le cupcake (minimum de commande par 6)<\/p>\n","protected":false},"excerpt":{"rendered":"<p>Meringues personnalis\u00e9es Pour chaque occasion ou pour agr\u00e9menter vos \u00e9v\u00e8nements, commandez vos meringues personnalis\u00e9es avec une photo, un logo, un th\u00e8me assorti \u00e0 votre g\u00e2teau&#8230; Sachet de 50 meringues : 19,90\u20ac Sachet de 10 meringues : 4,50\u20ac Berlingot transparent de 5 meringues : 3,50\u20ac Berlingot transparent de 3 meringues : 2,50\u20ac Minimum de commande : [&hellip;]<\/p>\n","protected":false},"author":1,"featured_media":0,"parent":0,"menu_order":0,"comment_status":"closed","ping_status":"closed","template":"","meta":{"_et_pb_use_builder":"","_et_pb_old_content":"","_et_gb_content_width":"","footnotes":""},"class_list":["post-340","page","type-page","status-publish","hentry"],"yoast_head":"<!-- This site is optimized with the Yoast SEO plugin v27.5 - https:\/\/yoast.com\/product\/yoast-seo-wordpress\/ -->\n<title>D\u00e9couvrez mes autres gourmandises | Dinette et G\u00e2teaux<\/title>\n<meta name=\"description\" content=\"D\u00e9couvrez mes autres gourmandises | Dinette et G\u00e2teaux | Gourmandises et p\u00e2tisseries sur mesure | 01600 MISERIEUX | Ain et Rh\u00f4ne | 69\" \/>\n<meta name=\"robots\" content=\"index, follow, max-snippet:-1, max-image-preview:large, max-video-preview:-1\" \/>\n<link rel=\"canonical\" href=\"https:\/\/dinetteetgateaux.fr\/gourmandises\/decouvrez-mes-autres-gourmandises\/\" \/>\n<meta property=\"og:locale\" content=\"fr_FR\" \/>\n<meta property=\"og:type\" content=\"article\" \/>\n<meta property=\"og:title\" content=\"D\u00e9couvrez mes autres gourmandises | Dinette et G\u00e2teaux\" \/>\n<meta property=\"og:description\" content=\"D\u00e9couvrez mes autres gourmandises | Dinette et G\u00e2teaux | Gourmandises et p\u00e2tisseries sur mesure | 01600 MISERIEUX | Ain et Rh\u00f4ne | 69\" \/>\n<meta property=\"og:url\" content=\"https:\/\/dinetteetgateaux.fr\/gourmandises\/decouvrez-mes-autres-gourmandises\/\" \/>\n<meta property=\"og:site_name\" content=\"Dinette et Gateaux\" \/>\n<meta property=\"article:publisher\" content=\"https:\/\/www.facebook.com\/dinetteetgateaux\/\" \/>\n<meta property=\"og:image\" content=\"https:\/\/dinetteetgateaux.fr\/wp-content\/uploads\/2022\/06\/Photo-meringue-768x533.jpg\" \/>\n<meta name=\"twitter:card\" content=\"summary_large_image\" \/>\n<meta name=\"twitter:label1\" content=\"Dur\u00e9e de lecture estim\u00e9e\" \/>\n\t<meta name=\"twitter:data1\" content=\"1 minute\" \/>\n<script type=\"application\/ld+json\" class=\"yoast-schema-graph\">{\"@context\":\"https:\\\/\\\/schema.org\",\"@graph\":[{\"@type\":\"WebPage\",\"@id\":\"https:\\\/\\\/dinetteetgateaux.fr\\\/gourmandises\\\/decouvrez-mes-autres-gourmandises\\\/\",\"url\":\"https:\\\/\\\/dinetteetgateaux.fr\\\/gourmandises\\\/decouvrez-mes-autres-gourmandises\\\/\",\"name\":\"D\u00e9couvrez mes autres gourmandises | Dinette et G\u00e2teaux\",\"isPartOf\":{\"@id\":\"https:\\\/\\\/dinetteetgateaux.fr\\\/gourmandises\\\/#website\"},\"primaryImageOfPage\":{\"@id\":\"https:\\\/\\\/dinetteetgateaux.fr\\\/gourmandises\\\/decouvrez-mes-autres-gourmandises\\\/#primaryimage\"},\"image\":{\"@id\":\"https:\\\/\\\/dinetteetgateaux.fr\\\/gourmandises\\\/decouvrez-mes-autres-gourmandises\\\/#primaryimage\"},\"thumbnailUrl\":\"https:\\\/\\\/dinetteetgateaux.fr\\\/wp-content\\\/uploads\\\/2022\\\/06\\\/Photo-meringue-768x533.jpg\",\"datePublished\":\"2022-06-19T10:43:47+00:00\",\"description\":\"D\u00e9couvrez mes autres gourmandises | Dinette et G\u00e2teaux | Gourmandises et p\u00e2tisseries sur mesure | 01600 MISERIEUX | Ain et Rh\u00f4ne | 69\",\"breadcrumb\":{\"@id\":\"https:\\\/\\\/dinetteetgateaux.fr\\\/gourmandises\\\/decouvrez-mes-autres-gourmandises\\\/#breadcrumb\"},\"inLanguage\":\"fr-FR\",\"potentialAction\":[{\"@type\":\"ReadAction\",\"target\":[\"https:\\\/\\\/dinetteetgateaux.fr\\\/gourmandises\\\/decouvrez-mes-autres-gourmandises\\\/\"]}]},{\"@type\":\"ImageObject\",\"inLanguage\":\"fr-FR\",\"@id\":\"https:\\\/\\\/dinetteetgateaux.fr\\\/gourmandises\\\/decouvrez-mes-autres-gourmandises\\\/#primaryimage\",\"url\":\"https:\\\/\\\/dinetteetgateaux.fr\\\/wp-content\\\/uploads\\\/2022\\\/06\\\/Photo-meringue-768x533.jpg\",\"contentUrl\":\"https:\\\/\\\/dinetteetgateaux.fr\\\/wp-content\\\/uploads\\\/2022\\\/06\\\/Photo-meringue-768x533.jpg\"},{\"@type\":\"BreadcrumbList\",\"@id\":\"https:\\\/\\\/dinetteetgateaux.fr\\\/gourmandises\\\/decouvrez-mes-autres-gourmandises\\\/#breadcrumb\",\"itemListElement\":[{\"@type\":\"ListItem\",\"position\":1,\"name\":\"Accueil\",\"item\":\"https:\\\/\\\/dinetteetgateaux.fr\\\/gourmandises\\\/\"},{\"@type\":\"ListItem\",\"position\":2,\"name\":\"D\u00e9couvrez mes autres gourmandises\"}]},{\"@type\":\"WebSite\",\"@id\":\"https:\\\/\\\/dinetteetgateaux.fr\\\/gourmandises\\\/#website\",\"url\":\"https:\\\/\\\/dinetteetgateaux.fr\\\/gourmandises\\\/\",\"name\":\"Dinette et G\u00e2teaux\",\"description\":\"P\u00e2tisseries et gourmandises personnalis\u00e9es | Ain et Rh\u00f4ne | G\u00e2teaux pour vos \u00e9v\u00e9nements, meringues sur mesure | Cake design\",\"publisher\":{\"@id\":\"https:\\\/\\\/dinetteetgateaux.fr\\\/gourmandises\\\/#organization\"},\"alternateName\":\"Gourmandises et p\u00e2tisserie sur mesure\",\"potentialAction\":[{\"@type\":\"SearchAction\",\"target\":{\"@type\":\"EntryPoint\",\"urlTemplate\":\"https:\\\/\\\/dinetteetgateaux.fr\\\/gourmandises\\\/?s={search_term_string}\"},\"query-input\":{\"@type\":\"PropertyValueSpecification\",\"valueRequired\":true,\"valueName\":\"search_term_string\"}}],\"inLanguage\":\"fr-FR\"},{\"@type\":\"Organization\",\"@id\":\"https:\\\/\\\/dinetteetgateaux.fr\\\/gourmandises\\\/#organization\",\"name\":\"Dinette et G\u00e2teaux\",\"url\":\"https:\\\/\\\/dinetteetgateaux.fr\\\/gourmandises\\\/\",\"logo\":{\"@type\":\"ImageObject\",\"inLanguage\":\"fr-FR\",\"@id\":\"https:\\\/\\\/dinetteetgateaux.fr\\\/gourmandises\\\/#\\\/schema\\\/logo\\\/image\\\/\",\"url\":\"https:\\\/\\\/dinetteetgateaux.fr\\\/gourmandises\\\/wp-content\\\/uploads\\\/2023\\\/04\\\/Logo-Dinette-et-Gateaux.png\",\"contentUrl\":\"https:\\\/\\\/dinetteetgateaux.fr\\\/gourmandises\\\/wp-content\\\/uploads\\\/2023\\\/04\\\/Logo-Dinette-et-Gateaux.png\",\"width\":250,\"height\":250,\"caption\":\"Dinette et G\u00e2teaux\"},\"image\":{\"@id\":\"https:\\\/\\\/dinetteetgateaux.fr\\\/gourmandises\\\/#\\\/schema\\\/logo\\\/image\\\/\"},\"sameAs\":[\"https:\\\/\\\/www.facebook.com\\\/dinetteetgateaux\\\/\",\"https:\\\/\\\/www.instagram.com\\\/dinetteetgateaux\\\/\"]}]}<\/script>\n<!-- \/ Yoast SEO plugin. -->","yoast_head_json":{"title":"D\u00e9couvrez mes autres gourmandises | Dinette et G\u00e2teaux","description":"D\u00e9couvrez mes autres gourmandises | Dinette et G\u00e2teaux | Gourmandises et p\u00e2tisseries sur mesure | 01600 MISERIEUX | Ain et Rh\u00f4ne | 69","robots":{"index":"index","follow":"follow","max-snippet":"max-snippet:-1","max-image-preview":"max-image-preview:large","max-video-preview":"max-video-preview:-1"},"canonical":"https:\/\/dinetteetgateaux.fr\/gourmandises\/decouvrez-mes-autres-gourmandises\/","og_locale":"fr_FR","og_type":"article","og_title":"D\u00e9couvrez mes autres gourmandises | Dinette et G\u00e2teaux","og_description":"D\u00e9couvrez mes autres gourmandises | Dinette et G\u00e2teaux | Gourmandises et p\u00e2tisseries sur mesure | 01600 MISERIEUX | Ain et Rh\u00f4ne | 69","og_url":"https:\/\/dinetteetgateaux.fr\/gourmandises\/decouvrez-mes-autres-gourmandises\/","og_site_name":"Dinette et Gateaux","article_publisher":"https:\/\/www.facebook.com\/dinetteetgateaux\/","og_image":[{"url":"https:\/\/dinetteetgateaux.fr\/wp-content\/uploads\/2022\/06\/Photo-meringue-768x533.jpg","type":"","width":"","height":""}],"twitter_card":"summary_large_image","twitter_misc":{"Dur\u00e9e de lecture estim\u00e9e":"1 minute"},"schema":{"@context":"https:\/\/schema.org","@graph":[{"@type":"WebPage","@id":"https:\/\/dinetteetgateaux.fr\/gourmandises\/decouvrez-mes-autres-gourmandises\/","url":"https:\/\/dinetteetgateaux.fr\/gourmandises\/decouvrez-mes-autres-gourmandises\/","name":"D\u00e9couvrez mes autres gourmandises | Dinette et G\u00e2teaux","isPartOf":{"@id":"https:\/\/dinetteetgateaux.fr\/gourmandises\/#website"},"primaryImageOfPage":{"@id":"https:\/\/dinetteetgateaux.fr\/gourmandises\/decouvrez-mes-autres-gourmandises\/#primaryimage"},"image":{"@id":"https:\/\/dinetteetgateaux.fr\/gourmandises\/decouvrez-mes-autres-gourmandises\/#primaryimage"},"thumbnailUrl":"https:\/\/dinetteetgateaux.fr\/wp-content\/uploads\/2022\/06\/Photo-meringue-768x533.jpg","datePublished":"2022-06-19T10:43:47+00:00","description":"D\u00e9couvrez mes autres gourmandises | Dinette et G\u00e2teaux | Gourmandises et p\u00e2tisseries sur mesure | 01600 MISERIEUX | Ain et Rh\u00f4ne | 69","breadcrumb":{"@id":"https:\/\/dinetteetgateaux.fr\/gourmandises\/decouvrez-mes-autres-gourmandises\/#breadcrumb"},"inLanguage":"fr-FR","potentialAction":[{"@type":"ReadAction","target":["https:\/\/dinetteetgateaux.fr\/gourmandises\/decouvrez-mes-autres-gourmandises\/"]}]},{"@type":"ImageObject","inLanguage":"fr-FR","@id":"https:\/\/dinetteetgateaux.fr\/gourmandises\/decouvrez-mes-autres-gourmandises\/#primaryimage","url":"https:\/\/dinetteetgateaux.fr\/wp-content\/uploads\/2022\/06\/Photo-meringue-768x533.jpg","contentUrl":"https:\/\/dinetteetgateaux.fr\/wp-content\/uploads\/2022\/06\/Photo-meringue-768x533.jpg"},{"@type":"BreadcrumbList","@id":"https:\/\/dinetteetgateaux.fr\/gourmandises\/decouvrez-mes-autres-gourmandises\/#breadcrumb","itemListElement":[{"@type":"ListItem","position":1,"name":"Accueil","item":"https:\/\/dinetteetgateaux.fr\/gourmandises\/"},{"@type":"ListItem","position":2,"name":"D\u00e9couvrez mes autres gourmandises"}]},{"@type":"WebSite","@id":"https:\/\/dinetteetgateaux.fr\/gourmandises\/#website","url":"https:\/\/dinetteetgateaux.fr\/gourmandises\/","name":"Dinette et G\u00e2teaux","description":"P\u00e2tisseries et gourmandises personnalis\u00e9es | Ain et Rh\u00f4ne | G\u00e2teaux pour vos \u00e9v\u00e9nements, meringues sur mesure | Cake design","publisher":{"@id":"https:\/\/dinetteetgateaux.fr\/gourmandises\/#organization"},"alternateName":"Gourmandises et p\u00e2tisserie sur mesure","potentialAction":[{"@type":"SearchAction","target":{"@type":"EntryPoint","urlTemplate":"https:\/\/dinetteetgateaux.fr\/gourmandises\/?s={search_term_string}"},"query-input":{"@type":"PropertyValueSpecification","valueRequired":true,"valueName":"search_term_string"}}],"inLanguage":"fr-FR"},{"@type":"Organization","@id":"https:\/\/dinetteetgateaux.fr\/gourmandises\/#organization","name":"Dinette et G\u00e2teaux","url":"https:\/\/dinetteetgateaux.fr\/gourmandises\/","logo":{"@type":"ImageObject","inLanguage":"fr-FR","@id":"https:\/\/dinetteetgateaux.fr\/gourmandises\/#\/schema\/logo\/image\/","url":"https:\/\/dinetteetgateaux.fr\/gourmandises\/wp-content\/uploads\/2023\/04\/Logo-Dinette-et-Gateaux.png","contentUrl":"https:\/\/dinetteetgateaux.fr\/gourmandises\/wp-content\/uploads\/2023\/04\/Logo-Dinette-et-Gateaux.png","width":250,"height":250,"caption":"Dinette et G\u00e2teaux"},"image":{"@id":"https:\/\/dinetteetgateaux.fr\/gourmandises\/#\/schema\/logo\/image\/"},"sameAs":["https:\/\/www.facebook.com\/dinetteetgateaux\/","https:\/\/www.instagram.com\/dinetteetgateaux\/"]}]}},"_links":{"self":[{"href":"https:\/\/dinetteetgateaux.fr\/gourmandises\/wp-json\/wp\/v2\/pages\/340","targetHints":{"allow":["GET"]}}],"collection":[{"href":"https:\/\/dinetteetgateaux.fr\/gourmandises\/wp-json\/wp\/v2\/pages"}],"about":[{"href":"https:\/\/dinetteetgateaux.fr\/gourmandises\/wp-json\/wp\/v2\/types\/page"}],"author":[{"embeddable":true,"href":"https:\/\/dinetteetgateaux.fr\/gourmandises\/wp-json\/wp\/v2\/users\/1"}],"replies":[{"embeddable":true,"href":"https:\/\/dinetteetgateaux.fr\/gourmandises\/wp-json\/wp\/v2\/comments?post=340"}],"version-history":[{"count":0,"href":"https:\/\/dinetteetgateaux.fr\/gourmandises\/wp-json\/wp\/v2\/pages\/340\/revisions"}],"wp:attachment":[{"href":"https:\/\/dinetteetgateaux.fr\/gourmandises\/wp-json\/wp\/v2\/media?parent=340"}],"curies":[{"name":"wp","href":"https:\/\/api.w.org\/{rel}","templated":true}]}}